{"id":18,"date":"2014-05-21T12:18:06","date_gmt":"2014-05-21T10:18:06","guid":{"rendered":"http:\/\/pwdevelopmen.nazwa.pl\/kochanowskiego\/?page_id=18"},"modified":"2025-12-05T14:34:26","modified_gmt":"2025-12-05T13:34:26","slug":"administrator","status":"publish","type":"page","link":"https:\/\/osiedlekochanowskiego.pl\/","title":{"rendered":"Strona g\u0142\u00f3wna"},"content":{"rendered":"<p style=\"text-align: center;\"><span style=\"font-family: arial, helvetica, sans-serif; font-size: 12pt;\"><em>Serdecznie witamy Pa\u0144stwa<\/em><\/span><\/p>\n<p style=\"text-align: center;\"><span style=\"font-family: arial, helvetica, sans-serif; font-size: 12pt;\"><em>na stronie Wsp\u00f3lnoty Mieszkaniowej &#8222;Osiedle Kochanowskiego&#8221;.<\/em><\/span><\/p>\n<p style=\"text-align: center;\"><span style=\"font-family: arial, helvetica, sans-serif; font-size: 12pt;\"><em>Wsp\u00f3lnota zosta\u0142a za\u0142o\u017cona w 2013r.<\/em><\/span><\/p>\n<p style=\"text-align: center;\"><span style=\"font-family: arial, helvetica, sans-serif; font-size: 12pt;\"><em>Dok\u0142adamy wszelkich stara\u0144, aby na Osiedlu mieszka\u0142o si\u0119 mi\u0142o i przyjemnie.<\/em><\/span><\/p>\n<p style=\"text-align: center;\"><span style=\"font-family: arial, helvetica, sans-serif; font-size: 12pt;\"><em>Powsta\u0142 wi\u0119c pomys\u0142 na t\u0119 stron\u0119, kt\u00f3ra pozwoli na sprawne przekazywanie aktualno\u015bci, a przede wszystkim u\u0142atwi Pa\u0144stwu dost\u0119p do wszelkich informacji dotycz\u0105cych dzia\u0142alno\u015bci Wsp\u00f3lnoty i Zarz\u0105du.<\/em><\/span><\/p>\n<p style=\"text-align: center;\"><span style=\"font-family: arial, helvetica, sans-serif; font-size: 12pt;\"><em>Mamy r\u00f3wnie\u017c nadziej\u0119 na lepsz\u0105 komunikacj\u0119 i pomoc w sprawach, z kt\u00f3rymi spotykacie si\u0119 Pa\u0144stwo na co dzie\u0144.<\/em><\/span><\/p>\n<p style=\"text-align: center;\"><span style=\"font-family: arial, helvetica, sans-serif; font-size: 12pt;\"><em>Z kontakt\u00f3w z Pa\u0144stwem wiemy, \u017ce ch\u0119tnie s\u0142u\u017cycie rad\u0105 i opini\u0105 w kwestii dzia\u0142alno\u015bci Osiedla. Ze szczeg\u00f3ln\u0105 uwag\u0105 pochylimy si\u0119 nad wszystkimi g\u0142osami, maj\u0105cymi na celu usprawnienie funkcjonowania naszego Osiedla.<\/em><\/span><\/p>\n<p style=\"text-align: right;\"><span style=\"font-family: arial, helvetica, sans-serif; font-size: 12pt;\"><em>Z powa\u017caniem<\/em><\/span><\/p>\n<p style=\"text-align: right;\"><span style=\"font-family: arial, helvetica, sans-serif; font-size: 12pt;\"><em>Zarz\u0105d Wsp\u00f3lnoty Mieszkaniowej<\/em><\/span><\/p>\n","protected":false},"excerpt":{"rendered":"<p>Serdecznie witamy Pa\u0144stwa na stronie Wsp\u00f3lnoty Mieszkaniowej &#8222;Osiedle Kochanowskiego&#8221;. Wsp\u00f3lnota zosta\u0142a za\u0142o\u017cona w 2013r. Dok\u0142adamy wszelkich stara\u0144, aby na Osiedlu mieszka\u0142o si\u0119 mi\u0142o i przyjemnie. Powsta\u0142 wi\u0119c pomys\u0142 na t\u0119 stron\u0119, kt\u00f3ra pozwoli na sprawne przekazywanie aktualno\u015bci, a przede wszystkim &hellip; <a href=\"https:\/\/osiedlekochanowskiego.pl\/\">Czytaj dalej <span class=\"meta-nav\">&rarr;<\/span><\/a><\/p>\n","protected":false},"author":1,"featured_media":0,"parent":0,"menu_order":1,"comment_status":"closed","ping_status":"open","template":"showcase.php","meta":{"footnotes":""},"class_list":["post-18","page","type-page","status-publish","hentry"],"_links":{"self":[{"href":"https:\/\/osiedlekochanowskiego.pl\/index.php?rest_route=\/wp\/v2\/pages\/18","targetHints":{"allow":["GET"]}}],"collection":[{"href":"https:\/\/osiedlekochanowskiego.pl\/index.php?rest_route=\/wp\/v2\/pages"}],"about":[{"href":"https:\/\/osiedlekochanowskiego.pl\/index.php?rest_route=\/wp\/v2\/types\/page"}],"author":[{"embeddable":true,"href":"https:\/\/osiedlekochanowskiego.pl\/index.php?rest_route=\/wp\/v2\/users\/1"}],"replies":[{"embeddable":true,"href":"https:\/\/osiedlekochanowskiego.pl\/index.php?rest_route=%2Fwp%2Fv2%2Fcomments&post=18"}],"version-history":[{"count":72,"href":"https:\/\/osiedlekochanowskiego.pl\/index.php?rest_route=\/wp\/v2\/pages\/18\/revisions"}],"predecessor-version":[{"id":1354,"href":"https:\/\/osiedlekochanowskiego.pl\/index.php?rest_route=\/wp\/v2\/pages\/18\/revisions\/1354"}],"wp:attachment":[{"href":"https:\/\/osiedlekochanowskiego.pl\/index.php?rest_route=%2Fwp%2Fv2%2Fmedia&parent=18"}],"curies":[{"name":"wp","href":"https:\/\/api.w.org\/{rel}","templated":true}]}}